u = u - 5*q - 11. Let d(j) = -j**2 - 2*j - 7. Let n(m) = -m + 0*m - 1285*m**2 + 1284*m**2 - 6. Let p(g) = u*d(g) - 4*n(g). Give p(2).
3
Let j(y) be the third derivative of y**5/15 + 5*y**4/24 + 7*y**3/3 + 3*y**2. Let m(u) = u**2 + 2*u + 5. Let x(t) = 2*j(t) - 7*m(t). Calculate x(5).
-2
Let p(z) = -5*z**3 + 9*z**2 + 6*z + 1. Let v(i) = 0 - i**2 + 0*i**3 + 1 + 2*i**2 - i**3. Let a(u) = p(u) - 4*v(u). Determine a(6).
-3
Let o(u) be the first derivative of -u**3/3 + 3*u**2/2 - 3*u - 25. Calculate o(2).
-1
Let i = -27 - -28. Let k(p) be the third derivative of p**4/6 + p**3/3 - p**2. Let b(h) = -2*h - 1. Let t(s) = -5*b(s) - 3*k(s). Calculate t(i).
-3
Let i = -8 + 2. Let v = i - -4. Let r = 0 + v. Let t(s) = s**2 + 2. Determine t(r).
6
Let g(o) be the first derivative of -o**2/2 - 11*o + 1. Let k(f) = -f + 5. Let r be k(10). Calculate g(r).
-6
Let l(x) = -2*x**3 + x**2. Suppose g - u - 2 = -g, 0 = 4*g - 4*u - 4. Give l(g).
-1
Let m(b) = 3*b**3 - 3*b**2 + 5*b + 3. Let x(j) = -4*j**3 + 2*j**2 - 6*j - 4. Let y(f) = 3*m(f) + 2*x(f). Calculate y(4).
-3
Suppose 0 = -f - f. Let o(s) = s + 5. Let m be o(f). Let z(t) = t - 2. Determine z(m).
3
Let i = 37 - 32. Let j(l) = -l - 2. What is j(i)?
-7
Let m(y) = y + 3. Let u(z) = -z**3 - 8*z**2 + 2*z + 12. Let t be u(-8). What is m(t)?
-1
Suppose -2 = -3*g + 1. Let m = 29 + -19. Let i(o) = -m - 7*o + 10. What is i(g)?
-7
Let d(i) = -i + 4. Suppose 6 = -2*b + b - 2*c, 4*b + 2*c = 0. Let w(y) = -y + 1. Let p be w(-4). Let q(z) = z - 8. Let v(l) = b*q(l) + p*d(l). What is v(4)?
-8
Let k(b) = -b**2 + 7*b - 8. Let h(f) = -2*f + 1. Let l be h(9). Let z = 6 + l. Let c be (-6)/(-12) - z/2. What is k(c)?
-2
Suppose -2*m + 3*m = 4. Suppose -m*d - d + 15 = 0. Let z(q) = q**2 + q - 1. Determine z(d).
11
Suppose 4*q - 8 - 31 = -3*s, -2*s + 3*q + 9 = 0. Let t(d) = -3*d - d**2 + 0*d + 2*d + s - 2. What is t(0)?
7
Suppose 0 = 2*s + y + 1 - 9, 3*s - 14 = -y. Suppose 4 = 2*i - s*i. Let m(r) = 10*r. Let l(n) = 5*n. Let u(v) = -5*l(v) + 3*m(v). Calculate u(i).
-5
Suppose 4*i - 2*i + 24 = 0. Let r be i/(-2)*(-2)/(-3). Let m(x) be the third derivative of -x**4/24 - x**3/6 + 6*x**2. Give m(r).
-5
Suppose 3*h + h = 12. Suppose -h*x + 7 + 2 = 0. Let a(i) = i + 0 + 4 - 3*i**x + 2*i**3 - 4*i**2. What is a(-4)?
0
Let p = -8 - -3. Let q(l) = -l - 10. Calculate q(p).
-5
Let o(u) be the first derivative of 2*u**3/3 - u**2/2 + 2*u - 3. Determine o(2).
8
Let u be (12/(-8))/(2/(-4)). Suppose -2*b - u*c - 2*c - 8 = 0, 2*c + 4 = 0. Let l(v) = 1 - 2*v - v**2 + 0 - 6*v**2. What is l(b)?
-8
Let b = 0 + 5. Let y(v) = -20*v**3 + 15*v**2 - 14*v - 3. Let i(q) = 7*q**3 - 5*q**2 + 5*q + 1. Let o(h) = 17*i(h) + 6*y(h). Determine o(b).
4
Let v(w) = w**3 - 3*w**2 - 5*w + 6. Suppose -2*u = -u - 7. Let z(r) = r**3 - 8*r**2 + 8*r - 3. Let b be z(u). Determine v(b).
2
Let q(r) = -r**3 - r - 8. Let x be ((-6)/8)/(3/(-60)). Suppose -4*f - 2*b + 4 - 14 = 0, -3*b = 5*f + x. Give q(f).
-8
Let i = -19 + 16. Suppose h - 4 = -h. Let w(n) = 0 - 4 + h - 2*n. What is w(i)?
4
Suppose -3*d + 10 = 22. Let y(l) = -l - 7. Let h be y(d). Let c(f) = f**2 + 4*f + 2. What is c(h)?
-1
Let t = 14 - 11. Let x(o) = -o**2 + 3*o + 4. Calculate x(t).
4
Let s be 1/(3/15*1). Suppose -37 = -4*o + 7*t - 2*t, -25 = s*t. Let w(c) = -c**3 + 2*c**2 + 2*c + 3. Determine w(o).
0
Suppose 3*n = -2*n + 10. Let a(g) = -14*g**2 - 12*g + 26. Let i(k) = -5*k**2 - 4*k + 9. Let o(c) = 6*a(c) - 17*i(c). Give o(n).
-1
Let s(l) = -l**3 + 3*l - 3. Let h be s(2). Let a(q) = q**3 + 4*q**2 - 6*q + 2. Calculate a(h).
7
Let o(c) = -4*c + 10. Let j(r) = 5*r - 11. Let b(h) = -3*j(h) - 4*o(h). Suppose a = -4*a + 25. Calculate b(a).
-2
Let z(x) = x**2 - x + 1. Let r(q) = 36*q**2 - 30*q + 30. Let o(h) = 3*r(h) - 90*z(h). Calculate o(1).
18
Suppose -5*w = -3*w - 30. Let l be 12/w - 2/(-10). Let f(v) = -3*v**3 - v. Give f(l).
-4
Let x(k) = -3*k**2 - 8*k + k**2 - 9 + k**2. Give x(-7).
-2
Let k(v) = v**3 + 3*v**2 - v - 1. Suppose 2*t + h = -3*h + 24, 0 = -4*t + 4*h - 12. Suppose 3*w = t*q - 11, 2*w + 3*q - 6 = 3*w. What is k(w)?
2
Let z(q) = -q - 2. Suppose 4*v - 2*g + 4 = 0, 0*g - 4*g = 5*v + 31. Let c be 0 - (3/v + -3). Let l be ((-10)/c - -3)*6. Give z(l).
-5
Let y(b) = b**2 - 3*b - 2. Let t(v) = 4*v + 31. Let l be t(-7). Determine y(l).
-2
Let y(w) = -w**3 - w**2 - w + 6. Suppose -3*z = -5*z. Let p be (z*2/(-6))/(-2). Calculate y(p).
6
Let y(k) = 4*k - 1. Let d be (4 + -2 - 5) + 2. Give y(d).
-5
Let h(z) = -3*z - 13. Let c(a) = 3*a + 11. Let y(m) = 6*c(m) + 5*h(m). Give y(4).
13
Let f(q) = 5 + 10*q**2 - 7*q**2 - 2*q**2 - 2*q**2 + 3*q. Determine f(4).
1
Let o(r) = -2*r - 1. Let g be o(-2). Let t(d) be the second derivative of d**4/12 - d**3/6 + d**2 + 50*d. Calculate t(g).
8
Let g(p) = -3*p**2 + p - p - 10 + p + 9. What is g(-2)?
-15
Let r be 1/(-5)*-2*10. Let w(y) = y**2 - 3*y + 6. Determine w(r).
10
Let d(h) = 8 - h - 6*h**2 - 1 + h**3 + h**2. Let a(n) = n**3 - 9*n**2 + 3*n - 22. Let z be a(9). Give d(z).
2
Let c(j) = -6*j + 6. Let w(y) = y - 1. Let i(a) = -c(a) - 5*w(a). Determine i(0).
-1
Let k(p) = p**2 - 1 + p + 7*p**2 + 2 + 2*p**2. Suppose -7 + 10 = -3*j. Determine k(j).
10
Let z = -13 - -19. Let x(u) = -u**3 + 6*u**2 - u + 7. Calculate x(z).
1
Let r(j) = 2*j + 3. Let p(n) = 5*n + 7. Let k(i) = -4*p(i) + 9*r(i). Let h be k(-1). Let v(g) = -g**3 + g**2 - g + 1. What is v(h)?
0
Suppose 5 = 2*h + 3. Let l(c) = 5*c + 1. Calculate l(h).
6
Let w be (-1)/2 - 35/(-14). Suppose 0 = -0*v + w*v - 6. Suppose 8 = -3*c - v*t - 1, -5*t = 5. Let i(o) = -o**3 - 2*o**2 + o + 1. Determine i(c).
-1
Let n be ((2 + -3)*4)/(-1). Let m be (n/(-3))/(4/(-6)). Let u(h) = -h**m + 4*h**2 + h**2. What is u(1)?
4
Suppose 5*g + 12 + 13 = 0. Let c(q) = 4*q**2 - q**3 + 0 - 5*q - 2 + 2*q**3. What is c(g)?
-2
Let l(s) = -s + 4*s**2 + 3*s - 2*s - s**3 + 3. Suppose 2*q + 8 = 4*q. Determine l(q).
3
Let o(n) = -n**2 - n + 9. Let u = -7 - -14. Let f = 7 - u. What is o(f)?
9
Let d(a) be the first derivative of 3*a**2/2 + 8*a + 37. What is d(-4)?
-4
Let u(i) = i**3 + 4*i**2 - 5*i + 5. Let v be u(-5). Suppose -v*b - 4 = 1. Let p(a) = -2*a**2 - a - 1. Calculate p(b).
-2
Suppose -3*g - 22 = -4*t, -2*t - 2*t = 5*g + 26. Let l(f) = -f**2 - 6*f + 7. What is l(g)?
7
Let m(n) = 3*n + 2. Let j = 10 + -6. Suppose -3*i + 4 = -j*i. Determine m(i).
-10
Let m be (-8)/(-6)*(-12)/(-8). Suppose -i + m*i = 0. Let w(p) = -14*p + 23. Let b(q) = -5*q + 8. Let s(y) = -11*b(y) + 4*w(y). What is s(i)?
4
Let w(n) = -3*n - 7*n + 11*n. Let o(k) = k**3 - 5*k**2 + 3*k - 1. Let u(x) = -o(x) + 2*w(x). Calculate u(4).
13
Let d(r) = 3 - r**2 + 2*r**2 + 2*r**3 - r**3. Let w(v) = v**3 - 5*v**2 - 7*v + 6. Let m be w(6). Give d(m).
3
Suppose 4 + 1 = d. Suppose 2 = 4*a + 2*s, -d*a - 4*s + 0 + 7 = 0. Let w(j) = -2*j - 1. Give w(a).
1
Let z(q) = 11*q**3 - q**2 + q - 1. Suppose 1 = 3*i + 5*h, -4*i + 0 + 3 = 5*h. Suppose y = -y + i. Determine z(y).
10
Let i(v) be the third derivative of -7*v**4/12 - v**3/6 - 25*v**2. Give i(1).
-15
Suppose -5*b + 29 = -1. Let d(c) = -c**3 + 7*c**2 - 2*c - 2. Determine d(b).
22
Let r(g) = 2*g + 10. Let z be r(-7). Let n = -1 - z. Let f(d) = -4 + d**2 + 0 + n - 3*d. What is f(3)?
-1
Let c(h) = 3*h - 22 + 15 + 0*h. Give c(5).
8
Let u(j) = -j**3 - 5*j**2 + 3*j - 6. Let g(f) = -5*f**2 - f - 2. Let b be g(-1). What is u(b)?
12
Let v = 8 + -3. Suppose 3*n = -v*m - 5, m + 3*n = -n + 16. Let t(r) = 38 - 4*r - 43 + 2*r. Determine t(m).
3
Let l(i) be the third derivative of -i**6/12 - i**5/30 + i**4/12 - i**3/6 - 8*i**2. Let m be 0 - -2 - (0 - -1). Calculate l(m).
-11
Let n(y) be the second derivative of y**4/12 - y**3/6 + 3*y**2/2 + 3*y. Let j be (-3)/(-2 - 1) - -2. Give n(j).
9
Let z(w) = 6*w - 1. Let x be z(1). Let g(h) = h. Let q(a) = -a**2 + 4*a - 2. Let f(n) = -g(n) - q(n). Give f(x).
2
Let z = -5 - -7. Suppose -z*l - 4 = -4*l. Let s(p) = p**2 - p - 1. Determine s(l).
1
Let c(n) be the third derivative of n**4/8 - n**3/6 + 6*n**2. Determine c(-1).
-4
Let u(x) = -x**2 + 4*x - 1. Suppose -2*v = -3*v + 5. Suppose -4*i + v*i - 4 = 0. Suppose i*w = 3*r + 14, 4*r = 2*w - 6*w + 28. Give u(w).
-6
Let x(h) = -2*h**3 - 2*h**2 + 4*h - 1. Let r(s) = 3*s**3 + 5*s**2 - 7*s + 2. Let w(j) = -3*r(j) - 5*x(j). Let b be w(5). Let o(t) = -t**2 + 3*t + 5. Give o(b).
1
Let f(i) = i**3 + 3